What is the remainder when 2152 is divided by 2143?
9
Calculate the remainder when 247 is divided by 11.
5
What is the remainder when 93 is divided by 61?
32
What is the remainder when 2604 is divided by 33?
30
Calculate the remainder when 199 is divided by 51.
46
Calculate the remainder when 105 is divided by 23.
13
What is the remainder when 1188 is divided by 377?
57
What is the remainder when 290 is divided by 172?
118
Calculate the remainder when 1303 is divided by 187.
181
Calculate the remainder when 1274 is divided by 85.
84
Calculate the remainder when 2530 is divided by 65.
60
Calculate the remainder when 2870 is divided by 99.
98
What is the remainder when 44 is divided by 14?
2
What is the remainder when 493 is divided by 164?
1
What is the remainder when 396 is divided by 127?
15
Calculate the remainder when 217 is divided by 52.
9
Calculate the remainder when 81 is divided by 21.
18
Calculate the remainder when 68 is divided by 40.
28
What is the remainder when 272 is divided by 37?
13
Calculate the remainder when 144 is divided by 16.
0
Calculate the remainder when 227 is divided by 59.
50
What is the remainder when 661 is divided by 83?
80
What is the remainder when 10946 is divided by 89?
88
Calculate the remainder when 433 is divided by 56.
41
What is the remainder when 641 is divided by 131?
117
What is the remainder when 64 is divided by 50?
14
What is the remainder when 31 is divided by 6?
1
Calculate the remainder when 522 is divided by 35.
32
What is the remainder when 519 is divided by 208?
103
Calculate the remainder when 666 is divided by 42.
36
Calculate the remainder when 2750 is divided by 32.
30
What is the remainder when 509 is divided by 5?
4
Calculate the remainder when 165 is divided by 22.
11
Calculate the remainder when 38 is divided by 21.
17
What is the remainder when 1583 is divided by 134?
109
What is the remainder when 223 is divided by 40?
23
What is the remainder when 53 is divided by 31?
22
What is the remainder when 236 is divided by 83?
70
Calculate the remainder when 3975 is divided by 117.
114
What is the remainder when 165 is divided by 29?
20
What is the remainder when 21 is divided by 13?
8
What is the remainder when 7554 is divided by 360?
354
Calculate the remainder when 248 is divided by 48.
8
What is the remainder when 91 is divided by 16?
11
What is the remainder when 1634 is divided by 404?
18
Calculate the remainder when 75 is divided by 33.
9
Calculate the remainder when 5095 is divided by 15.
10
What is the remainder when 67 is divided by 10?
7
What is the remainder when 108 is divided by 32?
12
Calculate the remainder when 298 is divided by 143.
12
What is the remainder when 35484 is divided by 22?
20
What is the remainder when 96 is divided by 63?
33
What is the remainder when 122 is divided by 42?
38
What is the remainder when 375 is divided by 117?
24
What is the remainder when 1264 is divided by 27?
22
What is the remainder when 34 is divided by 21?
13
Calculate the remainder when 1224 is divided by 44.
36
What is the remainder when 3394 is divided by 34?
28
What is the remainder when 32 is divided by 4?
0
What is the remainder when 13254 is divided by 5?
4
Calculate the remainder when 1334 is divided by 1331.
3
Calculate the remainder when 6140 is divided by 11.
2
Calculate the remainder when 184 is divided by 31.
29
What is the remainder when 309 is divided by 62?
61
Calculate the remainder when 604 is divided by 222.
160
What is the remainder when 123 is divided by 22?
13
Calculate the remainder when 537 is divided by 18.
15
Calculate the remainder when 131 is divided by 12.
11
Calculate the remainder when 4818 is divided by 20.
18
Calculate the remainder when 621 is divided by 155.
1
Calculate the remainder when 74 is divided by 28.
18
Calculate the remainder when 498 is divided by 74.
54
What is the remainder when 207 is divided by 39?
12
What is the remainder when 173 is divided by 8?
5
What is the remainder when 192 is divided by 99?
93
What is the remainder when 5327 is divided by 1329?
11
What is the remainder when 128 is divided by 29?
12
What is the remainder when 240 is divided by 11?
9
Calculate the remainder when 4087 is divided by 56.
55
What is the remainder when 224 is divided by 81?
62
Calculate the remainder when 109 is divided by 13.
5
What is the remainder when 62 is divided by 21?
20
Calculate the remainder when 366 is divided by 16.
14
What is the remainder when 527 is divided by 5?
2
What is the remainder when 543 is divided by 79?
69
Calculate the remainder when 1018 is divided by 51.
49
Calculate the remainder when 40 is divided by 21.
19
Calculate the remainder when 6522 is divided by 75.
72
Calculate the remainder when 1174 is divided by 56.
54
What is the remainder when 105 is divided by 8?
1
Calculate the remainder when 44 is divided by 6.
2
What is the remainder when 3680 is divided by 11?
6
What is the remainder when 523 is divided by 520?
3
Calculate the remainder when 142 is divided by 25.
17
What is the remainder when 105 is divided by 57?
48
What is the remainder when 39 is divided by 10?
9
Calculate the remainder when 2015 is divided by 84.
83
Calculate the remainder when 23 is divided by 18.
5
What is the remainder when 158 is divided by 34?
22
Calculate the remainder when 106 is divided by 12.
10
Calculate the remainder when 26 is divided by 13.
0
What is the remainder when 73 is divided by 47?
26
What is the remainder when 544 is divided by 10?
4
What is the remainder when 70507 is divided by 22?
19
Calculate the remainder when 55 is divided by 31.
24
Calculate the remainder when 67 is divided by 20.
7
Calculate the remainder when 2928 is divided by 148.
116
What is the remainder when 1855 is divided by 463?
3
What is the remainder when 827 is divided by 20?
7
What is the remainder when 2279 is divided by 20?
19
Calculate the remainder when 1040 is divided by 70.
60
What is the remainder when 682 is divided by 162?
34
What is the remainder when 983 is divided by 32?
23
Calculate the remainder when 264 is divided by 6.
0
What is the remainder when 721 is divided by 77?
28
What is the remainder when 1553 is divided by 54?
41
Calculate the remainder when 128 is divided by 33.
29
Calculate the remainder when 530 is divided by 497.
33
Calculate the remainder when 1948 is divided by 122.
118
Calculate the remainder when 141 is divided by 68.
5
Calculate the remainder when 3035 is divided by 22.
21
Calculate the remainder when 74 is divided by 65.
9
Calculate the remainder when 221 is divided by 105.
11
What is the remainder when 172 is divided by 34?
2
What is the remainder when 334 is divided by 42?
40
What is the remainder when 299 is divided by 30?
29
What is the remainder when 2581 is divided by 11?
7
Calculate the remainder when 45 is divided by 13.
6
What is the remainder when 206 is divided by 7?
3
Calculate the remainder when 36 is divided by 10.
6
Calculate the remainder when 922 is divided by 45.
22
Calculate the remainder when 5 is divided by 4.
1
Calculate the remainder when 1157 is divided by 358.
83
What is the remainder when 78 is divided by 23?
9
What is the remainder when 218 is divided by 71?
5
Calculate the remainder when 14135 is divided by 93.
92
What is the remainder when 654 is divided by 143?
82
What is the remainder when 200 is divided by 7?
4
Calculate the remainder when 837 is divided by 107.
88
Calculate the remainder when 239 is divided by 30.
29
Calculate the remainder when 701 is divided by 346.
9
Calculate the remainder when 685 is divided by 78.
61
Calculate the remainder when 44029 is divided by 32.
29
What is the remainder when 1110 is divided by 11?
10
What is the remainder when 6680 is divided by 26?
24
What is the remainder when 256 is divided by 13?
9
Calculate the remainder when 99 is divided by 31.
6
What is the remainder when 1087 is divided by 17?
16
What is the remainder when 119 is divided by 7?
0
What is the remainder when 308 is divided by 78?
74
What is the remainder when 187 is divided by 66?
55
Calculate the remainder when 5158 is divided by 120.
118
What is the remainder when 373 is divided by 165?
43
Calculate the remainder when 8355 is divided by 2085.
15
What is the remainder when 87 is d